e units digit of 1016?
6
What is the thousands digit of 43900?
3
What is the units digit of 9065?
5
What is the units digit of 2032?
2
What is the units digit of 979?
9
What is the ten thousands digit of 48873?
4
What is the hundreds digit of 53760?
7
What is the units digit of 22751?
1
What is the units digit of 5597?
7
What is the units digit of 1206?
6
What is the units digit of 4988?
8
What is the units digit of 571?
1
What is the units digit of 5210?
0
What is the hundreds digit of 1520?
5
What is the ten thousands digit of 12438?
1
What is the units digit of 4204?
4
What is the units digit of 12503?
3
What is the hundreds digit of 4257?
2
What is the units digit of 285?
5
What is the tens digit of 9600?
0
What is the thousands digit of 1837?
1
What is the thousands digit of 1844?
1
What is the hundreds digit of 864?
8
What is the units digit of 1386?
6
What is the tens digit of 374?
7
What is the thousands digit of 1051?
1
What is the thousands digit of 2695?
2
What is the hundreds digit of 1251?
2
What is the units digit of 635?
5
What is the hundreds digit of 589?
5
What is the hundreds digit of 9580?
5
What is the tens digit of 107610?
1
What is the units digit of 2420?
0
What is the units digit of 15284?
4
What is the thousands digit of 53725?
3
What is the units digit of 1207?
7
What is the thousands digit of 1341?
1
What is the hundreds digit of 20398?
3
What is the thousands digit of 5356?
5
What is the tens digit of 3590?
9
What is the units digit of 33269?
9
What is the units digit of 114165?
5
What is the units digit of 6826?
6
What is the ten thousands digit of 25864?
2
What is the hundreds digit of 2194?
1
What is the thousands digit of 1909?
1
What is the hundreds digit of 4664?
6
What is the thousands digit of 1801?
1
What is the tens digit of 2028?
2
What is the hundreds digit of 4294?
2
What is the hundreds digit of 4059?
0
What is the hundreds digit of 37840?
8
What is the units digit of 4844?
4
What is the hundreds digit of 7721?
7
What is the tens digit of 5916?
1
What is the units digit of 55655?
5
What is the units digit of 9282?
2
What is the thousands digit of 10748?
0
What is the thousands digit of 6640?
6
What is the units digit of 5822?
2
What is the hundreds digit of 7254?
2
What is the thousands digit of 5355?
5
What is the thousands digit of 5496?
5
What is the tens digit of 13382?
8
What is the hundreds digit of 400?
4
What is the tens digit of 2349?
4
What is the units digit of 2816?
6
What is the hundreds digit of 979?
9
What is the tens digit of 1552?
5
What is the units digit of 6566?
6
What is the units digit of 5953?
3
What is the units digit of 736?
6
What is the tens digit of 662?
6
What is the units digit of 2503?
3
What is the units digit of 323?
3
What is the thousands digit of 3881?
3
What is the thousands digit of 9025?
9
What is the hundred thousands digit of 171140?
1
What is the hundreds digit of 779?
7
What is the hundreds digit of 73645?
6
What is the ten thousands digit of 70294?
7
What is the units digit of 38445?
5
What is the hundreds digit of 15772?
7
What is the hundreds digit of 426?
4
What is the thousands digit of 14442?
4
What is the thousands digit of 5432?
5
What is the hundreds digit of 3103?
1
What is the thousands digit of 6945?
6
What is the thousands digit of 1634?
1
What is the hundreds digit of 33840?
8
What is the units digit of 68036?
6
What is the thousands digit of 72862?
2
What is the units digit of 6818?
8
What is the units digit of 61766?
6
What is the units digit of 306?
6
What is the tens digit of 3205?
0
What is the thousands digit of 24761?
4
What is the thousands digit of 2615?
2
What is the hundreds digit of 2006?
0
What is the tens digit of 24818?
1
What is the thousands digit of 1296?
1
What is the units digit of 16650?
0
What is the thousands digit of 1039?
1
What is the hundreds digit of 3230?
2
What is the tens digit of 1366?
6
What is the thousands digit of 2305?
2
What is the ten thousands digit of 30871?
3
What is the units digit of 835?
5
What is the hundreds digit of 784?
7
What is the thousands digit of 10143?
0
What is the units digit of 680?
0
What is the units digit of 2312?
2
What is the hundreds digit of 862?
8
What is the units digit of 135286?
6
What is the units digit of 135059?
9
What is the hundreds digit of 4656?
6
What is the units digit of 109?
9
What is the ten thousands digit of 26429?
2
What is the tens digit of 2669?
6
What is the units digit of 5907?
7
What is the units digit of 2894?
4
What is the units digit of 1265?
5
What is the tens digit of 15534?
3
What is the hundreds digit of 4720?
7
What is the units digit of 43783?
3
What is the hundreds digit of 1016?
0
What is the units digit of 434?
4
What is the tens digit of 5340?
4
What is the tens digit of 14027?
2
What is the hundreds digit of 1285?
2
What is the tens digit of 4139?
3
What is the thousands digit of 1066?
1
What is the tens digit of 1413?
1
What is the thousands digit of 4101?
4
What is the units digit of 2116?
6
What is the ten thousands digit of 96786?
9
What is the hundreds digit of 41326?
3
What is the hundreds digit of 219?
2
What is the hundreds digit of 16908?
9
What is the tens digit of 8180?
8
What is the tens digit of 714?
1
What is the hundreds digit of 8703?
7
What is the thousands digit of 7118?
7
What is the thousands digit of 1692?
1
What is the thousands digit of 11909?
1
What is the hundreds digit of 11022?
0
What is the units digit of 6956?
6
What is the thousands digit of 1797?
1
What is the tens digit of 108694?
9
What is the hundreds digit of 3807?
8
What is the ten thousands digit of 16909?
1
What is the tens digit of 73?
7
What is the units digit of 24600?
0
What is the tens digit of 4810?
1
What is the tens digit of 4328?
2
What is the units digit of 6254?
4
What is the thousands digit of 1616?
1
What is the tens digit of 76?
7
What is the hundreds digit of 2885?
8
What is the hundreds digit of 8865?
8
What is the hundreds digit of 806?
8
What is the hundreds digit of 140543?
5
What is the tens digit of 3700?
0
What is the units digit of 1795?
5
What is the ten thousands digit of 66649?
6
What is the units digit of 366?
6
What is the thousands digit of 3054?
3
What is the tens digit of 889?
8
What is the thousands digit of 1326?
1
What is the tens digit of 100788?
8
What is the hundreds digit of 1339?
3
What is the units digit of 483?
3
What is the hundreds digit of 2993?
9
What is the units digit of 330?
0
What is the hundreds digit of 1327?
3
What is the ten thousands digit of 30912?
3
What is the thousands digit of 1584?
1
What is the units digit of 6485?
5
What is the tens digit of 6908?
0
What is the units digit of 10452?
2
What is the thousands digit of 1581?
1
What is the thousands digit of 3940?
3
What is the ten thousands digit of 51826?
5
What is the units digit of 46781?
1
What is the hundreds digit of 45191?
1
What is the thousands digit of 182791?
2
What is the hundreds digit of 10368?
3
What is the units digit of 40220?
0
What is the thousands digit of 19958?
9
What is the tens digit of 138149?
4
What is the hundreds digit of 1452?
4
What is the hundreds digit of 74154?
1
What is the thousands digit of 2999?
2
What is the tens digit of 1310?
1
What is the units digit of 5717?
7
What is the tens digit of 909?
0
What is the thousands digit of 119781?
9
What is the tens digit of 10093?
9
What is the ten thousands digit of 48403?
4
What is the thousands digit of 12962?
2
What is the hundreds digit of 51963?
9
What is the tens digit of 1970?
7
What is the tens digit of 177?
7
What is the tens digit of 14359?
5
What is the hundreds digit of 1575?
5
What is the units digit of 1599?
9
What is the tens digit of 647?
4
What is the ten thousands digit of 11601?
1
What is the hundreds digit of 198?
1
What is the hundreds digit of 153?
1
What is the tens digit of 29650?
5
What is the units digit of 1025?
5
What is the thousands digit of 47504?
7
What is the ten thousands digit of 16666?
1
What is the tens digit of 6546?
4
What is the units digit of 4617?
7
What is the tens digit of 143565?
6
What is the thousands digit of 1087?
1
What is the units digit of 6791?
1
What is the units digit of 11149?
9
What is the thousands digit of 696